ate the remainder when ((-700)/525)/(1/(-348)) is divided by 15.
14
Let v(o) = o**3 + 14*o**2 + 2*o + 35. What is the remainder when 103 is divided by v(-14)?
5
Let g = 1196 + -1006. Calculate the remainder when g is divided by 24.
22
Let b(u) = 4*u + 3. Let m be b(5). Let g = m + 15. Calculate the remainder when 75 is divided by g.
37
Suppose -2*s = -v - 51 + 69, -2*v + 30 = -2*s. Suppose 2*i + 129 = 3*i. What is the remainder when i is divided by v?
9
Let i = 22 - 18. Suppose -i*z - 42 = -2*z. Let p = 29 + z. What is the remainder when 13 is divided by p?
5
Suppose 12*m - 15*m + 12 = 0. Let z(u) = 73*u + 2. Let a be z(1). Suppose -4*p = -9*p + a. Calculate the remainder when p is divided by m.
3
Calculate the remainder when (-132)/20*630/(-18) is divided by 13.
10
Let h be -1*(2/(-7) + 2090/(-35)). Suppose h = 3*o + 3*o. Calculate the remainder when 38 is divided by o.
8
Let s = -105 - -293. What is the remainder when ((-20)/40)/((-2)/s) is divided by 24?
23
Let h = 18 + 11. Let u = -25 + h. Let v(p) = p**2 - 3*p + 3. Calculate the remainder when v(4) is divided by u.
3
Suppose 5*q - 3*c = 21, 2*q + c = -0*c + 15. Calculate the remainder when 6/(3 + -6) - -23 is divided by q.
3
Let m = -102 - -159. What is the remainder when m is divided by 8?
1
Let f be (1 + -12)*(-18)/18. Suppose 2*a - f = 29. Let i(n) = -n - 1. What is the remainder when a is divided by i(-8)?
6
Suppose -9 - 12 = -v. Suppose 29*y + 276 = 23*y. What is the remainder when v is divided by (-4)/6*759/y?
10
Calculate the remainder when 48/(-18)*(-138)/4 is divided by 1/((-4 - -4) + (-2)/(-62)).
30
Let j(v) = -3 + 3 + 4 - 6*v - 2. Calculate the remainder when j(-5) is divided by 7.
4
Let n = -26 - -205. Let b = -125 + n. Suppose 2*l - b = -l. What is the remainder when 68 is divided by l?
14
Suppose 1 = -a, -4*a = -o - 2*o + 727. Suppose -5*y = 76 - o. Let x = -39 - -57. What is the remainder when y is divided by x?
15
Suppose -m - 4*n + 25 = 0, -5*m = 24*n - 20*n - 93. Let a = -96 - -163. What is the remainder when a is divided by m?
16
Let t = 18 + -4. Let a(b) = b - 9. Calculate the remainder when t is divided by a(17).
6
Let o = 10 + 5. Suppose 3 = -k + o. What is the remainder when 22 is divided by k?
10
Let c be 12 + -10 + (-2 - -1). Calculate the remainder when 1/(-9 + c) - (-11610)/80 is divided by 21.
19
Let l(x) = -x + 14. Let a(u) = u - 11. Let f be a(4). Calculate the remainder when 60 is divided by l(f).
18
Let d(j) = -23*j + 3. Let t be d(1). Let u = t - -23. Calculate the remainder when 5 is divided by u.
2
Let f = 41 + -58. Calculate the remainder when 70 is divided by (-4 + 1 - f) + 1.
10
Let w = -1061 + 1202. Calculate the remainder when 1126 is divided by w.
139
Suppose 0 = -5*d + 7*d - 804. Calculate the remainder when d is divided by 27.
24
Let y(i) = -14*i**3 - 2*i**2 - 3. Let q(x) = -15*x**3 - 3*x**2 - x - 4. Let t(o) = 2*q(o) - 3*y(o). What is the remainder when 39 is divided by t(1)?
6
What is the remainder when (0 + 27)/(-31 + 32) is divided by 8?
3
Let r(l) = 7*l**3 - 7*l**2 + 2*l + 2. Let p be r(5). What is the remainder when p/(-4)*(-6)/12 is divided by 30?
29
Suppose 0 = -17*u - 19*u + 1368. Let p(w) = -w**3 + 6*w**2 + 5*w - 2. Let j be p(6). Calculate the remainder when u is divided by (j/(-10))/(1/(-5)).
10
Suppose 4*n + 12 = 7*n. Let o(q) = 4*q - 3. Let m be o(n). Suppose u - 3*u + 47 = p, -u + 3*p = -m. Calculate the remainder when 42 is divided by u.
20
Let j(k) = -k**3 + 6*k**2 + 13*k - 1. Let s = -32 - -22. Let h(n) = n**2 + 8*n - 13. Let y be h(s). What is the remainder when j(y) is divided by 14?
13
Let j = 112 - 44. Suppose -5*u + 97 = -j. Calculate the remainder when 98 is divided by u.
32
Calculate the remainder when 283 is divided by (-7)/(14/10) + 100.
93
Let c be (-1 - (4 - (3 - 1)))/1. Let y(a) = -3*a + a**3 + 3*a**2 + 2 + 0*a**3 + 0. What is the remainder when 21 is divided by y(c)?
10
Suppose 5*t - 8*d - 50 = -7*d, -5*d = -4*t + 61. Calculate the remainder when 47 is divided by t.
2
Let q = 23 + -5. Suppose 0 = 5*b + 32 + q. Let f = b + 27. Calculate the remainder when 30 is divided by f.
13
Let r = -1741 + 1750. Calculate the remainder when 25 is divided by r.
7
Let i(x) = -86*x - 1. Suppose 12*k - 50 - 466 = 0. Calculate the remainder when i(-1) is divided by k.
42
Let s(q) = -2*q**3 + q**2 + 18*q + 88. Let p(c) = -5*c**3 - 4*c**2 - 4*c - 2. What is the remainder when s(0) is divided by p(-2)?
28
Let o be -2 + (0 - 3) + 8. Suppose 0 = o*s - 33 - 12. What is the remainder when s is divided by 4?
3
Let b(x) be the first derivative of -x**3/3 - 17*x**2/2 - 13*x + 9. Calculate the remainder when b(-14) is divided by 15.
14
Let s(h) = h**3 - 2*h**2 - h + 2. Let c be s(1). Let o = -1 - -5. Suppose 6*z - 10*z + o = c. Calculate the remainder when 2 is divided by z.
0
Let r = -48 - -50. Suppose -2*c - 3*f + 11 = -74, 45 = r*c - 5*f. What is the remainder when c is divided by 10?
5
Let d be (4 + -1)/(-3 + 2 + 2). Suppose d = 6*t - 51. Calculate the remainder when 20 is divided by t.
2
Suppose -56*n = -10*n - 5750. Calculate the remainder when n is divided by 7.
6
Let l be (-1)/(1 - 72/70). Suppose 3*p - l = -2*p. Suppose 0 = 2*o + p - 59. Calculate the remainder when 101 is divided by o.
23
Let y = 251 + -221. Calculate the remainder when 599 is divided by y.
29
Let z(h) be the second derivative of -h**5/20 + 5*h**4/12 + 3*h**3/2 - 3*h**2/2 - 11*h. Calculate the remainder when 43 is divided by z(6).
13
Let w = 10 + 3. Suppose -w = 3*n + 2*m + 5, n = -m - 6. Let y = n + 14. What is the remainder when 23 is divided by y?
7
Let q = -3 - -7. Let o(j) be the second derivative of j**3/2 - 3*j**2 + 25*j - 1. Calculate the remainder when o(q) is divided by 2.
0
Let x(a) = -12 - 24*a + 55*a - 28*a. Let d be (14/(-1))/((-6)/3). What is the remainder when 16 is divided by x(d)?
7
Suppose 20*v - 16*v = 3*j - 624, 4*j + 5*v - 801 = 0. Calculate the remainder when j is divided by 19.
14
Suppose 7*r = 2*r. Suppose u - 6 + 1 = -4*w, w + 4 = r. Calculate the remainder when (122/(-2))/((-2)/2) is divided by u.
19
Let f(a) = a**2 - 5*a + 13. What is the remainder when f(-10) is divided by 44?
31
Suppose -2*s + 5*w - 12 = -6, 2*w = 5*s - 27. What is the remainder when 130 is divided by s?
4
Let x = 51 - 30. Suppose -3*s + 30 = -10*g + 7*g, 5*s - 3*g - 54 = 0. Calculate the remainder when 61 is divided by 2 + 8/s*x.
13
Suppose -52*o + 24*o = -4004. Calculate the remainder when o is divided by 36.
35
Let a be (-61)/(3 + (-4 - 0)). Calculate the remainder when 20/5 + (a - -3) is divided by 23.
22
Let h = 2 - -30. Calculate the remainder when 60 is divided by h.
28
Let i(t) be the second derivative of t**4/12 - t**3/6 - 25*t**2 + 18*t. What is the remainder when i(12) is divided by 28?
26
Suppose -7*b + 30 = -2*b - 4*t, -3*b - 2*t - 4 = 0. Suppose 13*v = -b*v + 1635. What is the remainder when v is divided by 22?
21
Let w = 467 - 431. Calculate the remainder when w is divided by 5.
1
Suppose -5*p + i + 0 = -7, 2*i = 4*p - 2. What is the remainder when 10 is divided by 11/2 - ((-7)/p)/7?
4
Suppose -2*r = -2*b + 528, b = -0*b - 5*r + 276. What is the remainder when b is divided by 27?
23
Suppose -5*r = 3*l - 2582 + 735, -1485 = -4*r + 5*l. What is the remainder when r is divided by 22?
18
Suppose 6*v - 10*v = -48. Suppose 3 = -3*q + v. Suppose -x = 4*i - 5 - 2, 3*x = -3*i + 3. Calculate the remainder when q is divided by i.
1
Let c(y) = 175*y + 663. Calculate the remainder when c(26) is divided by 16.
13
Let z be (-68)/(-10)*-1*5/(-2). Suppose -4*u + 59 = -z. Suppose 2*f + 122 = 4*f + 4*j, 2*j - 116 = -2*f. Calculate the remainder when f is divided by u.
17
Suppose -2*i + 60 = 3*i. Suppose 1993*n + 336 = 2007*n. What is the remainder when n is divided by i?
0
Suppose 3*z - 177 = 111. Let h be (2 + -2)/((-1)/1). Suppose h = -3*w + 36 + z. What is the remainder when w is divided by 15?
14
Let c(f) = -f**3 - 10*f**2 + 5*f - 17. Let x = -33 + 22. What is the remainder when c(x) is divided by 13?
10
Let t = 149 - -87. What is the remainder when t is divided by 20?
16
Calculate the remainder when 1/3 + (-6 - (-9592)/33) is divided by 24.
21
Let m(o) = -o**3 + 7*o**2 - 6*o + 10. What is the remainder when 99 is divided by m(6)?
9
Calculate the remainder when (0 + -